{"id":3476,"date":"2016-05-12T14:40:18","date_gmt":"2016-05-12T12:40:18","guid":{"rendered":"http:\/\/www.vasara.es\/blog\/politica-de-privacidad-y-cookies\/"},"modified":"2018-08-21T17:20:31","modified_gmt":"2018-08-21T15:20:31","slug":"politica-de-privacidad-y-cookies","status":"publish","type":"page","link":"https:\/\/www.vasara.es\/blog\/politica-de-privacidad-y-cookies\/","title":{"rendered":"Pol\u00edtica de privacidad y Cookies"},"content":{"rendered":"<p><strong>POL\u00cdTICA DE PRIVACIDAD<\/strong><\/p>\n<p>&nbsp;<\/p>\n<p>De conformidad con lo dispuesto en la Ley Org\u00e1nica 15\/1999, de Protecci\u00f3n de Datos de Car\u00e1cter Personal (LOPD) y su normativa de desarrollo, el responsable del sitio web, en cumplimiento de lo dispuesto en el art. 5 y 6 de la LOPD, informa a todos los usuarios del sitio web que faciliten o vayan a facilitar sus datos personales, que estos ser\u00e1n incorporados en un fichero automatizado que se encuentra debidamente inscrito en la Agencia Espa\u00f1ola de Protecci\u00f3n de Datos con n\u00famero de registro 413385\/2016 por el prestador PARTYDIS SL y NIF B70505599.<br \/>\nLos usuarios, mediante la marcaci\u00f3n de la casilla en el registro de usuarios o proceso de compra, aceptan expresamente y de forma libre e inequ\u00edvoca que sus datos personales sean tratados por parte del prestador para realizar las siguientes finalidades:<br \/>\n1.\u00a0\u00a0\u00a0 Remisi\u00f3n de comunicaciones comerciales publicitarias por e-mail, fax, SMS, MMS, comunidades sociales o cualesquier otro medio electr\u00f3nico o f\u00edsico, presente o futuro, que posibilite realizar comunicaci\u00f3n comerciales de las que sea propietario o administrador el prestador. Dichas comunicaciones comerciales ser\u00e1n relacionadas sobre productos o servicios ofrecidos por el prestador, as\u00ed como por parte de los colaboradores o partners con los que \u00e9ste hubiera alcanzado alg\u00fan acuerdo de promoci\u00f3n comercial entre sus clientes. En este caso, los terceros nunca tendr\u00e1n acceso a los datos personales. En todo caso las comunicaciones comerciales ser\u00e1n realizadas por parte del prestador y ser\u00e1n de productos y servicios relacionados con el sector af\u00edn al del prestador.<br \/>\n2.\u00a0\u00a0\u00a0 Realizar estudios estad\u00edsticos.<br \/>\n3.\u00a0\u00a0\u00a0 Tramitar encargos, solicitudes o cualquier tipo de petici\u00f3n que sea realizada por el usuario a trav\u00e9s de cualquiera de las formas de contacto que se ponen a disposici\u00f3n del usuario en el sitio web de la compa\u00f1\u00eda.<br \/>\n4.\u00a0\u00a0\u00a0 Remitir el bolet\u00edn de noticias de la p\u00e1gina web.<br \/>\nEl prestador informa y garantiza expresamente a los usuarios que sus datos personales no ser\u00e1n cedidos en ning\u00fan caso a terceras compa\u00f1\u00edas, y que siempre que fuera a realizarse alg\u00fan tipo de cesi\u00f3n de datos personales, de forma previa, se solicitar\u00eda el consentimiento expreso, informado, e inequ\u00edvoco por parte de los usuarios. Esta solicitud de conseNtimiento se enviar\u00eda al correo electr\u00f3nico de los usuarios o en su defecto por v\u00eda telef\u00f3nica, y dando un plazo de 31 d\u00edas naturales para obtener su respuesta. En caso de no obtener respuesta por parte del usuario dentro del plazo indicado, se entender\u00eda t\u00e1citamente su aprobaci\u00f3n a la cesi\u00f3n de datos correspondiente.<br \/>\nTodos los datos solicitados a trav\u00e9s del sitio web son obligatorios, ya que son necesarios para la prestaci\u00f3n de un servicio \u00f3ptimo al usuario. En caso de que no sean facilitados todos los datos, el prestador no garantiza que los procesos de venta, informaci\u00f3n y servicios facilitados sean correctos, completos y ajustados a sus necesidades y se exime de todas las responsabilidades que pudieran dirimirse.<br \/>\nEl prestador garantiza en todo caso al usuario el ejercicio de los derechos de acceso, rectificaci\u00f3n, cancelaci\u00f3n, informaci\u00f3n y oposici\u00f3n, en los t\u00e9rminos dispuestos en la legislaci\u00f3n vigente. Para ello facilita al usuario la siguiente direcci\u00f3n de email donde pondr\u00e1 remitir la solicitud, siempre y cuando lo haga desde la misma cuenta de correo con la que se ha registrado o comprado a trav\u00e9s de la tienda online: atencionalcliente@vasara.es o bien enviando notificaci\u00f3n a la direcci\u00f3n postal\u00a0C\/Concepci\u00f3n Arenal, 10, Teo, 15894 (A Coru\u00f1a), remitiendo fotocopia de DNI del usuario.<br \/>\nEl usuario, tambi\u00e9n podr\u00e1 darse de baja de cualquiera de los servicios de suscripci\u00f3n facilitados haciendo clic en el apartado darse de baja de todos los correos electr\u00f3nicos remitidos por parte del prestador.<br \/>\nDel mismo modo, el prestador ha adoptado todas las medidas t\u00e9cnicas y de organizaci\u00f3n necesarias para garantizar la seguridad e integridad de los datos de car\u00e1cter personal que trate, as\u00ed como para evitar su p\u00e9rdida, alteraci\u00f3n y\/o acceso por parte de terceros no autorizados.<\/p>\n<p><strong>Protecci\u00f3n de datos personales:<\/strong><br \/>\nEl prestador,\u00a0PARTYDIS SL y CIF B70505599, con domicio fiscal en C\/Concepci\u00f3n Arenal, 10, Teo, 15894 (A Coru\u00f1a) y tel\u00e9fono de contacto\u00a0 910052105, e-mail: atencionalcliente@vasara.es, se encuentra profundamente comprometido con el cumplimiento de la normativa espa\u00f1ola de protecci\u00f3n de datos de car\u00e1cter personal, y garantiza el cumplimiento \u00edntegro de las obligaciones dispuestas, as\u00ed como la implementaci\u00f3n de las medidas de seguridad dispuestas en el art. 9 de la Ley 15\/1999, de Protecci\u00f3n de Datos de Car\u00e1cter Personal (LOPD) y en el Reglamento de Desarrollo de la LOPD.<br \/>\nEl prestador pone a disposici\u00f3n de los usuarios la Pol\u00edtica de Privacidad de la entidad informando a los usuarios respecto a los siguientes aspectos:<br \/>\n&#8211;\u00a0\u00a0\u00a0 Datos del Responsable del tratamiento.<br \/>\n&#8211;\u00a0\u00a0\u00a0 Datos tratados.<br \/>\n&#8211;\u00a0\u00a0\u00a0 Fichero en el que se almacenan.<br \/>\n&#8211;\u00a0\u00a0\u00a0 Finalidad del tratamiento.<br \/>\n&#8211;\u00a0\u00a0\u00a0 Obligatoriedad o no de facilitarlos, as\u00ed como las consecuencias en caso de no facilitarlos.<br \/>\n&#8211;\u00a0\u00a0\u00a0 Sobre los derechos que asisten a todo usuario y el procedimiento para ejercitarlos.<\/p>\n<p>Nuestra p\u00e1gina web Vasara.es utiliza cookies para analizar la navegaci\u00f3n de usuarios y para poder hacer una compra en nuestra tienda online.<\/p>\n<p>&nbsp;<\/p>\n<p><strong>POL\u00cdTICA DE\u00a0COOKIES<\/strong><\/p>\n<p>Las cookies son unos archivos que se instalan en el equipo desde el que accedes a nuestra web con las finalidades que se describen en esta p\u00e1gina. Se utilizan tambi\u00e9n de forma generalizada para que los sitios web funcionen.<\/p>\n<p>&nbsp;<\/p>\n<p>Cookies que empleamos<br \/>\nUsamos tanto cookies propias como de terceros.<\/p>\n<p>Usamos cookies \u00abanal\u00edticas\u00bb que, junto con nuestros archivos de registro del servidor, nos permiten calcular el n\u00famero total de personas que visitan nuestro sitio y aquellas partes del mismo que gozan de mayor popularidad. De esta forma obtenemos una informaci\u00f3n que puede ayudarnos a mejorar nuestro Sitio Web y dar un mejor servicio a usuarios y clientes.<\/p>\n<p>En algunas de nuestras p\u00e1ginas web tambi\u00e9n pueden establecerse cookies adicionales de terceros (por ejemplo, al pulsar botones de redes sociales o visionar v\u00eddeos alojados en otro sitio web).<\/p>\n<p>Usamos cookies de \u00absesi\u00f3n\u00bb, que le permiten llevar informaci\u00f3n de una p\u00e1gina a otra del Sitio Web sin tener que volver a introducirla. Con las cookies de sesi\u00f3n podemos realizar estad\u00edsticas que nos ayudan a entender c\u00f3mo se usa el Sitio Web y c\u00f3mo mejorar su estructura.<\/p>\n<p>Usamos cookies \u00abpersistentes\u00bb, que son aquellas que permanecen en el fichero de cookies de su navegador m\u00e1s tiempo, permiti\u00e9ndonos reconocerle como visitante del Sitio y adaptar el contenido de determinadas \u00e1reas del mismo para ofrecerle contenidos que se ajusten a sus preferencias.<\/p>\n<p>Cookies Propias<br \/>\nPHPSESSID: Cookie que nativa de PHP y del servidor. Permite a la web guardar datos serializados de estado del usuario para su buen funcionamiento. Duraci\u00f3n: Finaliza al cerrar sesi\u00f3n.<\/p>\n<p>viewed_cookie_policy: Cookie propia del plugin que controla el aviso de uso de cookies en la web. Duraci\u00f3n: 1 a\u00f1o<\/p>\n<p>Cookies de Terceros<br \/>\nGOOGLE UNIVERSAL ANALYTICS<br \/>\n_ga: utiliza un identificador an\u00f3nimo para distinguir usuarios an\u00f3nimos y realizar an\u00e1lisis sobre las interacciones de los usuarios en la aplicaci\u00f3n con el fin de optimizar los servicios que se ofrecen. Tiene una duraci\u00f3n de 2 a\u00f1os.<\/p>\n<p>_gid: Se usa tambi\u00e9n para poder distinguir la navegaci\u00f3n de los usuarios. Duraci\u00f3n: 24 horas<\/p>\n<p>_gat: Se usa para diferenciar entre los diferentes objetos de seguimiento creados en la sesi\u00f3n. Tiene una duraci\u00f3n de 10 minutos.<\/p>\n<p>Para consultar m\u00e1s informaci\u00f3n sobre los datos que Google Analytics recopila a trav\u00e9s de sus cookies y el uso que hace de ellos, puedes visitar la p\u00e1gina de Protecci\u00f3n de datos de Google Analytics Enlace externo (https:\/\/support.google.com\/analytics\/answer\/6004245?hl=es)<\/p>\n<p>WORDPRESS<br \/>\nwordpress_last_visit: Contiene el estado actual del visitante. Duraci\u00f3n: Finaliza al cerrar sesi\u00f3n<\/p>\n<p>M\u00e1s informaci\u00f3n: https:\/\/wordpress.org<\/p>\n<p>Para permitir, conocer, bloquear o eliminar las cookies instaladas en tu equipo puedes hacerlo mediante la configuraci\u00f3n de las opciones del navegador instalado en su ordenador.<\/p>\n<p>&nbsp;<\/p>\n<p>Controlar el uso de cookies<\/p>\n<p>Si desea eliminar las cookies o controlar las que ya est\u00e9n establecidas en su dispositivo, puede hacerlo desde su propio navegador. Puede encontrar la manera de hacerlo dirigi\u00e9ndose al men\u00fa de ayuda de su navegador d\u00f3nde vienen establecidos los pasos para proceder con su eliminaci\u00f3n. Para m\u00e1s informaci\u00f3n:<\/p>\n<p>Internet Explorer<\/p>\n<p>https:\/\/support.microsoft.com\/es-es\/help\/17442\/windows-internet-explorer-delete-manage-cookies<\/p>\n<p>Mozilla Firefox<\/p>\n<p>https:\/\/support.mozilla.org\/es\/kb\/habilitar-y-deshabilitar-cookies-sitios-web-rastrear-preferencias?redirectlocale=es&#038;redirectslug=habilitar-y-deshabilitar-cookies-que-los-sitios-we<\/p>\n<p>Google Chrome<\/p>\n<p>https:\/\/support.google.com\/chrome\/answer\/95647?hl=es<\/p>\n<p>Safari<\/p>\n<p>https:\/\/support.apple.com\/es-es\/HT201265<\/p>\n<p>P\u00e1gina actualizada: 21\/08\/2018<\/p>\n","protected":false},"excerpt":{"rendered":"<p>POL\u00cdTICA DE PRIVACIDAD &nbsp; De conformidad con lo dispuesto en la Ley Org\u00e1nica 15\/1999, de Protecci\u00f3n de Datos de Car\u00e1cter Personal (LOPD) y su normativa de desarrollo, el responsable del sitio web, en cumplimiento de lo dispuesto en el art. 5 y 6 de la LOPD, informa a todos los usuarios del sitio web que faciliten o vayan a facilitar sus datos personales, que estos ser\u00e1n incorporados en un fichero automatizado que se encuentra debidamente inscrito en la Agencia Espa\u00f1ola de Protecci\u00f3n de Datos con n\u00famero de registro 413385\/2016 por el prestador PARTYDIS SL y NIF B70505599. Los usuarios, mediante <\/p>\n","protected":false},"author":3,"featured_media":0,"parent":0,"menu_order":0,"comment_status":"closed","ping_status":"closed","template":"","meta":{"footnotes":""},"_links":{"self":[{"href":"https:\/\/www.vasara.es\/blog\/wp-json\/wp\/v2\/pages\/3476"}],"collection":[{"href":"https:\/\/www.vasara.es\/blog\/wp-json\/wp\/v2\/pages"}],"about":[{"href":"https:\/\/www.vasara.es\/blog\/wp-json\/wp\/v2\/types\/page"}],"author":[{"embeddable":true,"href":"https:\/\/www.vasara.es\/blog\/wp-json\/wp\/v2\/users\/3"}],"replies":[{"embeddable":true,"href":"https:\/\/www.vasara.es\/blog\/wp-json\/wp\/v2\/comments?post=3476"}],"version-history":[{"count":5,"href":"https:\/\/www.vasara.es\/blog\/wp-json\/wp\/v2\/pages\/3476\/revisions"}],"predecessor-version":[{"id":4139,"href":"https:\/\/www.vasara.es\/blog\/wp-json\/wp\/v2\/pages\/3476\/revisions\/4139"}],"wp:attachment":[{"href":"https:\/\/www.vasara.es\/blog\/wp-json\/wp\/v2\/media?parent=3476"}],"curies":[{"name":"wp","href":"https:\/\/api.w.org\/{rel}","templated":true}]}}